 4 - -33d63ac8?
33d63acc
In base 11, what is -4 - -23949572?
23949569
In base 6, what is -1011 + -21504225?
-21505240
In base 3, what is -1 - -1012110111000111?
1012110111000110
In base 13, what is -4 + b4c2c?
b4c28
In base 7, what is -22 - -66426021?
66425666
In base 3, what is 10 + 11012220211000011?
11012220211000021
In base 16, what is -79d98d - 2?
-79d98f
In base 10, what is 25963 + 8988?
34951
In base 13, what is -918412c + 10?
-918411c
In base 12, what is -850 - -b1730?
b0aa0
In base 12, what is 56756b - -1?
567570
In base 11, what is 415 + 139a1?
14306
In base 7, what is 5 + 120521424?
120521432
In base 16, what is 1 + 1ab5ff?
1ab600
In base 15, what is -2d882 - -40?
-2d842
In base 4, what is 2231 + -2003102330?
-2003100033
In base 13, what is -48a345 - 2?
-48a347
In base 3, what is 101 + -200211011211?
-200211011110
In base 7, what is 3 - 2211545?
-2211542
In base 5, what is -1100 - 1031013?
-1032113
In base 3, what is 10112102 - 20222211?
-10110102
In base 14, what is -d53a - -27a?
-d2a0
In base 2, what is 1111010101110000100010011 + 1?
1111010101110000100010100
In base 13, what is 19ca1 - -4044?
21015
In base 12, what is -8361b6 - 7?
-836201
In base 14, what is -26b44bd - 0?
-26b44bd
In base 13, what is 161a + 830?
214a
In base 3, what is 11100102101112120 - -1?
11100102101112121
In base 12, what is -5 + 5413b0?
5413a7
In base 13, what is 9a - -5631c?
563b9
In base 7, what is -506041 + -326?
-506400
In base 12, what is -1 + -3081302?
-3081303
In base 2, what is 101 - 1110001011011110100001011?
-1110001011011110100000110
In base 6, what is 41505305 + 4?
41505313
In base 8, what is 67406647 - 5?
67406642
In base 3, what is -120 + -1002210122200010?
-1002210122200200
In base 8, what is -477102041 + 2?
-477102037
In base 7, what is -225245 - -11045?
-214200
In base 12, what is -49864 + 89b?
-48b85
In base 4, what is -3300222 - -11031201?
1130313
In base 4, what is -1001 - -3101?
2100
In base 3, what is 1120000012 + -12111?
1112210201
In base 11, what is 0 - 53522?
-53522
In base 10, what is 479 - 49063?
-48584
In base 3, what is -101100210000 + -12?
-101100210012
In base 3, what is 11201110022101 - -10?
11201110022111
In base 14, what is 46c7 + 43c1?
8aa8
In base 15, what is -2 - -3030d0a?
3030d08
In base 13, what is -7 - 4c5c9bc?
-4c5c9c6
In base 10, what is -1 + -40329904?
-40329905
In base 13, what is 9875 - -753?
a2c8
In base 5, what is -14 - -33143100101?
33143100032
In base 15, what is 11846 - 1ebb?
e87a
In base 2, what is 101101 - 100101011010011000011111?
-100101011010010111110010
In base 9, what is -834 - 3126?
-4061
In base 10, what is -963 - 3757?
-4720
In base 3, what is 10111100 + 211201102?
222012202
In base 9, what is -2 + 585582?
585580
In base 16, what is af81a9 - c?
af819d
In base 7, what is 2326 + -4163643?
-4161314
In base 12, what is 10 + -146557a4?
-14655794
In base 9, what is -581 - -1181883?
1181302
In base 11, what is 10693157 + -2?
10693155
In base 2, what is -100010111111000001111 - 1001011011?
-100011000000001101010
In base 4, what is -1202 - -20212002?
20210200
In base 14, what is 4 - -acc00?
acc04
In base 8, what is 20502232 - 13?
20502217
In base 4, what is 133 - -120032221?
120033020
In base 10, what is -65 - -224831?
224766
In base 5, what is -3 + -2031000001?
-2031000004
In base 11, what is -99 - -121323?
121235
In base 16, what is -2225a + -1c?
-22276
In base 6, what is 4 + -122115035?
-122115031
In base 12, what is -2aa89 - 1b8?
-2b085
In base 2, what is -11 + 11011110000001000110000?
11011110000001000101101
In base 7, what is 26 + 53114046?
53114105
In base 10, what is 5 - 37530115?
-37530110
In base 9, what is -461 + 445788?
445327
In base 11, what is 137a7a - 159?
137921
In base 4, what is -12301 - -201000320?
200322013
In base 8, what is -6 - -123006?
123000
In base 3, what is 110112120010 - 1010201?
110111102102
In base 5, what is 1011 - -42222423?
42223434
In base 14, what is -91b6d + -a85?
-92814
In base 2, what is 1111101011001 - 10010111111?
1101010011010
In base 9, what is 35554 + 215?
35770
In base 11, what is 2aa46577 - 1?
2aa46576
In base 8, what is -445024 + -12?
-445036
In base 3, what is 111102 - -102111100?
102222202
In base 7, what is 3163402 - 12?
3163360
In base 11, what is 29741 + -1211?
28530
In base 14, what is -34 + cbbd6?
cbba2
In base 16, what is 147b + d6?
1551
In base 12, what is 67 + 1a563?
1a60a
In base 4, what is 112 - -1332100303?
1332101021
In base 10, what is 46785443 - -1?
46785444
In base 9, what is 25116 - -44443?
70560
In base 9, what is 37135380 + 1?
37135381
In base 9, what is 174 + -108852?
-108667
In base 2, what is 11100100111 + -11101101010110100?
-11101001110001101
In base 4, what is -11112333 + -330?
-11113323
In base 7, what is 5516 - 33103?
-24254
In base 7, what is 24244562 - -42?
24244634
In base 14, what is 4 - 9dd856?
-9dd852
In base 11, what is 25 - 5037a?
-50355
In base 3, what is 12 - -111022012120110021?
111022012120110110
In base 6, what is 142400142 - 2?
142400140
In base 7, what is -4116215 - 3224?
-4122442
In base 7, what is 2 - 1620060363?
-1620060361
In base 15, what is 2778 + -ddab?
-b633
In base 12, what is 31 - -92750?
92781
In base 3, what is 2112120100221 + 1?
2112120100222
In base 10, what is 21153877 + -1?
21153876
In base 5, what is -2 - 110223121201?
-110223121203
In base 15, what is -da1e - -197?
-d877
In base 10, what is -3941268 - -2?
-3941266
In base 8, what is -1054325 - 22?
-1054347
In base 8, what is 61 + -1573373?
-1573312
In base 16, what is -1a + 2e0109c?
2e01082
In base 13, what is c0 - -1c014?
1c104
In base 15, what is 183774 + -3b?
183738
In base 5, what is -13002200 - -13?
-13002132
In base 13, what is 17a3c56 - -15?
17a3c6b
In base 8, what is 731001 + -1113?
727666
In base 4, what is -1201022201301 - 2?
-1201022201303
In base 8, what is 135461 + -101?
135360
In base 6, what is 124135431331 - -2?
124135431333
In base 2, what is 100001010010110101 - 1001100?
100001010001101001
In base 12, what is -74a5 - -757?
-694a
In base 5, what is -21204 - -2421400?
2400141
In base 3, what is 202012100 + 1001020?
210020120
In base 15, what is -1a - 630c?
-6327
In base 10, what is 780010 + -43?
779967
In base 12, what is 560614 + -43?
560591
In base 8, what is -1113260 + 146?
-1113112
In base 11, what is 118 - -82a5a?
83077
In base 14, what is -7c + 6a764?
6a6c6
In base 16, what is -2 + -a09f2f?
-a09f31
In base 8, what is -2 + -161104664?
-161104666
In base 12, what is 1663b63 + -2?
1663b61
In base 5, what is 0 + -43110420423?
-43110420423
In base 10, what is 2 + -53619936?
-53619934
In base 11, what is -30826864 - 5?
-30826869
In base 14, what is 1b6 + -21d0c?
-21b36
In base 12, what is 15a4771 + 62?
15a4813
In base 16, what is 1b92 + -294?
18fe
In base 15, what is a044b - 7?
a0444
In base 5, what is -3 - -13110334400?
13110334342
In base 9, what is -3471347 + 2?
-3471345
In base 9, what is 4 - 374677864?
-374677860
In base 5, what is 1203001 + 3121?
1211122
In base 5, what is 11221131324 + -1?
11221131323
In base 9, what is 1030 - 34378?
-33348
In base 2, what is -100010111001 + -10001000111?
-110100000000
In base 14, what is 2154 - -3040?
5194
In base 10, what is -4282 - -6944?
2662
In base 13, what is -8a7 - -7219?
6642
In base 11, what is 157 + -22a0677?
-22a0520
In base 2, what is 110100111011010101 - 1010?
110100111011001011
In base 13, what is 1433a - -65a5?
1a912
In base 7, what is 10500021 + -1245?
10465443
In base 10, what is 25 + -447376?
-447351
In base 16, what is 7b + 1ae97d?
1ae9f8
In base 3, what is -2011111020 + -1100?
-2011112120
In base 4, what is 31 - 1022133032002?
-1022133031311
In base 2, what is -1100111010 + -111010001110001?
-111011110101011
In base 3, what is -10101 - 12222010110020?
-12222010120121
In base 16, what is a77de5 - 3?
a77de2
In base 2, what is -10001100000011000 - 101001?
-10001100001000001
In base 11, what is 2047366 - 3?
2047363
In base 8, what is -21001277 - 13?
-21001312
In base 6, what is 5351312552 - -3?
5351312555
In base 11, what is 47 + 57a3a?
57a86
In base 15, what is c64d4a - -6?
c64d51
In base 15, what is -892 + 288d?
1eeb
In base 6, what is 12113030200 - -4?
12113030204
In base 15, what is -185a - ad9?
-2444
In base 11, what is -aa97 + -241a?
-12406
In base 13, what is 2a921